60?
20
What is the highest common divisor of 7133424 and 81674?
842
What is the greatest common factor of 149616160 and 2072?
296
Calculate the greatest common divisor of 5290 and 1952539.
529
What is the greatest common divisor of 35650 and 4121605?
155
What is the greatest common divisor of 11424 and 9161436?
204
Calculate the highest common factor of 938223 and 58344.
429
Calculate the greatest common factor of 21584 and 330816.
16
Calculate the greatest common divisor of 387866 and 603098.
2242
Calculate the highest common divisor of 2908 and 178426156.
2908
Calculate the highest common factor of 4966948 and 5565.
371
Calculate the greatest common factor of 1924 and 1188148.
52
Calculate the highest common divisor of 256 and 91790112.
32
Calculate the greatest common factor of 483150 and 900.
150
What is the highest common factor of 802282 and 44486?
1534
What is the greatest common divisor of 6543615 and 8073?
897
What is the greatest common factor of 342584121 and 66?
33
What is the greatest common factor of 156189 and 183414?
33
Calculate the greatest common divisor of 29713148 and 3.
1
What is the highest common divisor of 158956 and 1831238?
1622
Calculate the greatest common factor of 19 and 3335241.
19
What is the highest common factor of 719052 and 372?
12
Calculate the greatest common divisor of 78 and 18989958.
78
What is the highest common factor of 154964 and 268660?
76
Calculate the highest common divisor of 593406 and 1887138.
5346
What is the highest common divisor of 14143188 and 30772?
628
Calculate the highest common factor of 214251 and 44931.
51
Calculate the highest common divisor of 244 and 654469.
61
What is the highest common divisor of 135964 and 341699?
1789
Calculate the highest common divisor of 3774 and 876758.
34
Calculate the greatest common factor of 295658973 and 261.
261
Calculate the greatest common factor of 10074 and 34546374.
438
What is the highest common divisor of 1891016 and 32?
8
What is the highest common factor of 2547457 and 2783?
253
Calculate the greatest common factor of 8960 and 311080.
280
Calculate the highest common factor of 28 and 737681.
7
Calculate the highest common divisor of 9291707 and 2091.
697
Calculate the greatest common divisor of 1121516 and 42174.
1562
Calculate the highest common factor of 1595 and 23898204.
319
What is the highest common factor of 4628380 and 40?
20
Calculate the greatest common divisor of 486 and 13612392.
18
Calculate the highest common divisor of 18357600 and 4800.
2400
What is the highest common factor of 134 and 22258673?
67
Calculate the greatest common factor of 14557011 and 2653.
2653
Calculate the greatest common divisor of 10529399 and 998.
499
What is the highest common divisor of 5785718 and 7906?
134
Calculate the highest common factor of 69359829 and 63.
21
Calculate the highest common factor of 4527964 and 13202.
322
Calculate the greatest common factor of 617824 and 360.
8
What is the greatest common divisor of 19 and 2774301245?
19
What is the highest common divisor of 69998688 and 128?
32
Calculate the highest common factor of 5 and 114841365.
5
Calculate the highest common factor of 174665182 and 524.
262
Calculate the greatest common divisor of 84036 and 111108.
564
What is the greatest common divisor of 19328 and 109777?
151
Calculate the highest common divisor of 5702172 and 84.
84
What is the highest common divisor of 51 and 66733721?
17
What is the highest common factor of 105966 and 232638?
1218
Calculate the highest common divisor of 1368 and 91998.
342
Calculate the highest common factor of 3501 and 1842552.
9
What is the greatest common factor of 2532 and 705744?
12
Calculate the greatest common factor of 3 and 29390441.
1
Calculate the greatest common divisor of 1592 and 38130788.
796
Calculate the highest common divisor of 32585 and 442890.
665
Calculate the highest common factor of 11600 and 36400.
400
Calculate the highest common factor of 101512 and 856.
8
What is the highest common divisor of 51040 and 52960?
160
Calculate the greatest common divisor of 1904560 and 136192.
2128
What is the greatest common factor of 19075 and 105175?
175
Calculate the greatest common factor of 207898 and 201956494.
10942
Calculate the greatest common factor of 10299045 and 12255.
285
Calculate the greatest common divisor of 72 and 152964888.
24
Calculate the greatest common divisor of 46388646 and 702.
54
Calculate the highest common factor of 532 and 26154241.
19
What is the highest common factor of 504 and 13032?
72
Calculate the greatest common factor of 246 and 5204909.
41
What is the greatest common divisor of 32039609 and 160048?
10003
Calculate the highest common factor of 24645 and 4046815.
265
What is the highest common divisor of 855 and 3944305?
95
What is the highest common divisor of 849 and 12102?
3
What is the highest common factor of 9 and 29631?
3
Calculate the greatest common divisor of 21498 and 162517714.
7166
Calculate the greatest common divisor of 216 and 7338648.
24
What is the highest common factor of 1869 and 454020?
21
Calculate the greatest common divisor of 1663772994 and 702.
702
Calculate the highest common factor of 17361908 and 20.
4
Calculate the highest common factor of 405 and 518850.
45
Calculate the greatest common divisor of 7840 and 38042880.
160
Calculate the highest common factor of 18870235 and 115.
115
What is the highest common factor of 134460 and 1290235?
415
What is the greatest common factor of 37170 and 403634?
14
What is the highest common divisor of 17390 and 80530?
10
What is the highest common factor of 43935835 and 155?
155
Calculate the greatest common factor of 12848 and 7308224.
176
Calculate the greatest common factor of 3244 and 192940.
4
What is the greatest common divisor of 2574989 and 10763?
47
What is the greatest common factor of 176710 and 44930?
10
Calculate the greatest common factor of 5240005 and 8405.
205
Calculate the highest common factor of 178114 and 4.
2
Calculate the highest common divisor of 47390 and 34249430.
6770
Calculate the greatest common divisor of 8795443 and 7667.
697
Calculate the highest common factor of 1216613 and 3039.
1013
Calculate the greatest common factor of 435 and 33529800.
435
Calculate the greatest common divisor of 46500480 and 690560.
8320
What is the greatest common divisor of 473 and 30424801?
11
Calculate the highest common factor of 2520 and 395108.
28
What is the greatest common factor of 2352 and 3401004?
12
Calculate the highest common factor of 10488195 and 225.
45
What is the highest common divisor of 1268361 and 2871?
9
Calculate the greatest common divisor of 129750 and 945.
15
Calculate the highest common factor of 56742 and 676851.
4053
What is the greatest common divisor of 707387 and 18071?
17
Calculate the greatest common factor of 34301428 and 112.
28
Calculate the highest common divisor of 1827 and 5463339.
609
Calculate the greatest common factor of 60 and 1162464.
12
Calculate the highest common factor of 270 and 11130130.
10
What is the greatest common divisor of 17475210 and 30?
30
Calculate the greatest common factor of 81 and 335742327.
81
What is the greatest common divisor of 204097656 and 336?
168
What is the highest common factor of 1477 and 101969759?
211
Calculate the greatest common factor of 2694 and 78942282.
2694
What is the highest common factor of 433024 and 118592?
1088
Calculate the greatest common divisor of 125979405 and 1425.
285
Calculate the highest common divisor of 39074908 and 459.
17
Calculate the highest common divisor of 374611 and 73748.
103
Calculate the highest common divisor of 10828 and 6908.
4
Calculate the highest common factor of 72033 and 78546.
39
What is the greatest common divisor of 10750 and 6603295?
215
What is the highest common divisor of 339791875 and 2675?
2675
What is the highest common factor of 840 and 2587080?
120
Calculate the highest common divisor of 314 and 4085297.
157
What is the greatest common divisor of 3140 and 87707422?
314
What is the highest common divisor of 106 and 20912687?
53
What is the greatest common factor of 87729174 and 234?
234
Calculate the highest common divisor of 77953 and 41537.
569
What is the highest common factor of 8955 and 160